eatest common factor of 1172632422 and 4747.
4747
Calculate the greatest common divisor of 326648 and 200032.
1064
Calculate the greatest common factor of 16015 and 59098553.
3203
What is the highest common divisor of 83341812 and 10317?
543
What is the greatest common divisor of 56 and 414024?
8
Calculate the greatest common factor of 6956 and 26511008.
188
Calculate the highest common divisor of 11259 and 86597.
139
Calculate the highest common divisor of 869 and 167402422.
869
Calculate the greatest common factor of 247 and 18332872.
19
What is the highest common divisor of 101808599 and 9934?
4967
Calculate the greatest common factor of 2737215 and 45.
45
Calculate the greatest common factor of 1068 and 46524.
12
Calculate the greatest common factor of 1298538 and 522.
18
What is the greatest common divisor of 5915 and 16200275?
455
Calculate the greatest common divisor of 1654 and 6471275.
827
What is the greatest common divisor of 476 and 2004708?
68
What is the greatest common factor of 176 and 1146064?
16
Calculate the greatest common divisor of 30 and 5163190.
10
What is the highest common divisor of 12244540 and 3245?
55
What is the highest common factor of 3750741 and 1269?
423
What is the greatest common factor of 4464 and 122922?
18
What is the greatest common divisor of 7700 and 25753420?
1540
What is the highest common factor of 752896 and 341632?
2176
What is the highest common divisor of 132 and 183311007?
33
Calculate the greatest common divisor of 75914719 and 398.
199
Calculate the highest common divisor of 6814426 and 152.
38
What is the greatest common factor of 5046660 and 103500?
4140
Calculate the greatest common factor of 17096842 and 28368.
394
Calculate the greatest common divisor of 12582204 and 24.
12
What is the highest common divisor of 60 and 52034340?
60
Calculate the greatest common factor of 756108 and 1494.
18
Calculate the greatest common divisor of 30056392 and 190328.
5144
Calculate the greatest common divisor of 26 and 31438498.
26
What is the greatest common divisor of 3 and 40795827?
3
Calculate the greatest common factor of 131836122 and 2754.
306
Calculate the greatest common divisor of 1056 and 1482336.
96
What is the highest common factor of 840 and 22267095?
15
What is the greatest common divisor of 672 and 51619568?
112
What is the highest common factor of 33963 and 186?
3
Calculate the highest common divisor of 459721625 and 2375.
2375
What is the greatest common factor of 3071180 and 420?
140
Calculate the greatest common factor of 242118 and 747.
9
Calculate the highest common divisor of 8598 and 1602277424.
2866
What is the highest common factor of 4046161 and 2512397?
5723
What is the highest common factor of 1671048 and 11736?
72
What is the greatest common divisor of 12740 and 740480?
260
Calculate the greatest common factor of 2293 and 79404297.
2293
Calculate the highest common factor of 185094 and 36453690.
1638
What is the greatest common factor of 6555 and 381528531?
1311
Calculate the greatest common divisor of 77679 and 705726.
189
Calculate the greatest common factor of 58 and 137549494.
58
Calculate the greatest common factor of 2926 and 46761470.
266
What is the greatest common factor of 11403095 and 2750?
55
What is the greatest common factor of 427580 and 2540?
20
What is the greatest common factor of 274039367 and 4156?
1039
What is the highest common factor of 446616 and 1458?
18
What is the greatest common factor of 533689 and 2379?
793
Calculate the highest common factor of 55184733 and 81.
81
What is the greatest common factor of 137302464 and 16?
16
What is the greatest common factor of 2685423 and 21867?
111
Calculate the greatest common factor of 327904 and 1136.
16
Calculate the greatest common factor of 9825264 and 3600.
144
Calculate the greatest common divisor of 42196 and 406112.
28
Calculate the highest common divisor of 113 and 31435244.
113
Calculate the greatest common factor of 101947104 and 450.
18
What is the greatest common factor of 7604756 and 107012?
3452
What is the highest common divisor of 422469078 and 12?
6
What is the greatest common divisor of 519441394 and 62?
62
What is the highest common divisor of 6397 and 372542089?
6397
What is the highest common divisor of 126 and 226410?
6
Calculate the highest common factor of 3108 and 2885022.
42
Calculate the highest common factor of 6297 and 741.
3
What is the highest common divisor of 15600 and 106595600?
400
Calculate the greatest common factor of 18 and 10443350.
2
What is the greatest common factor of 1668 and 61416594?
834
What is the greatest common divisor of 51180 and 54120?
60
What is the greatest common factor of 3031 and 603715?
7
What is the highest common divisor of 483060 and 2425?
485
What is the greatest common divisor of 874335 and 10560?
165
What is the highest common divisor of 91865 and 3265?
5
What is the highest common divisor of 140 and 101311945?
35
What is the highest common divisor of 4034171 and 2?
1
What is the greatest common divisor of 1847526 and 117888?
1842
Calculate the greatest common divisor of 42904 and 39778928.
1384
Calculate the highest common factor of 117860 and 9181460.
1660
What is the highest common divisor of 112819598 and 3148?
1574
Calculate the highest common divisor of 197929837 and 413.
413
What is the greatest common divisor of 5916 and 304616?
116
Calculate the greatest common divisor of 3956 and 1123826.
46
Calculate the highest common divisor of 47603058 and 6.
6
Calculate the highest common factor of 30 and 97280510.
10
Calculate the highest common factor of 743386 and 1566.
58
Calculate the greatest common factor of 404 and 236602701.
101
What is the greatest common factor of 26600080 and 1040?
1040
Calculate the highest common factor of 28102144 and 644.
28
What is the highest common factor of 168 and 834506022?
42
What is the highest common factor of 26600672 and 224?
224
What is the greatest common factor of 1174 and 211708594?
1174
Calculate the greatest common factor of 391 and 5888253.
23
Calculate the highest common factor of 13442 and 661804.
286
What is the highest common factor of 19614092 and 145?
29
Calculate the highest common factor of 5225457 and 7654.
89
Calculate the greatest common factor of 6542 and 36690807.
3271
Calculate the highest common divisor of 3911649 and 119.
119
What is the highest common factor of 2621705 and 215?
5
Calculate the greatest common divisor of 8491836 and 324.
12
What is the greatest common factor of 17375552 and 199531?
3271
Calculate the highest common divisor of 85248 and 41144.
296
Calculate the greatest common divisor of 5209674 and 496.
62
What is the highest common divisor of 4095 and 2116035?
45
What is the greatest common divisor of 136788753 and 141?
141
What is the greatest common divisor of 129930 and 4373151?
183
Calculate the highest common factor of 31 and 218333.
31
What is the highest common factor of 64 and 112928176?
16
Calculate the highest common divisor of 704 and 269313.
11
Calculate the greatest common factor of 109187958 and 8.
2
What is the greatest common factor of 358955 and 20992?
41
Calculate the greatest common divisor of 2061 and 4201005.
687
What is the greatest common factor of 108 and 35695626?
6
Calculate the greatest common factor of 261 and 12413189.
29
Calculate the highest common divisor of 424680 and 12460.
20
Calculate the greatest common divisor of 164135673 and 338.
169
Calculate the highest common factor of 257599 and 64791.
313
What is the greatest common divisor of 1727193 and 663?
39
What is the greatest common divisor of 6038855 and 695?
695
Calculate the highest common divisor of 773 and 128000297.
773
What is the highest common factor of 2455636 and 43924?
316
Calculate the highest common factor of 251307607 and 62.
31
What is the highest common divisor of 50 and 6297950?
50
What is the highest common factor of 3640 and 39669656?
104
Calculate the greatest common factor of 199644 and 2547366.
762
What is the highest common divisor of 686 and 368238626?
686
Calculate the greatest common divisor of 10835 and 2380345.
55
Calculate the greatest common divisor of 49224 and 1350888.
168
Calculate the highest common divisor of 18978528 and 68.
68
Calcul